reatest common divisor of 180336 and 61412?
52
Calculate the highest common divisor of 1157 and 337.
1
Calculate the highest common factor of 1022 and 19822712.
1022
Calculate the highest common divisor of 125976 and 839898.
174
Calculate the greatest common factor of 7187739 and 2028.
507
Calculate the greatest common divisor of 4598 and 649.
11
Calculate the highest common factor of 440 and 16615390.
110
Calculate the highest common factor of 26 and 68443193.
13
What is the highest common factor of 51272 and 8450?
26
Calculate the greatest common divisor of 262196 and 647612.
404
Calculate the highest common factor of 27640567 and 139.
139
Calculate the highest common factor of 23 and 558382017.
23
Calculate the greatest common factor of 42 and 1969056.
6
Calculate the highest common factor of 11738875 and 500.
125
Calculate the highest common divisor of 163006 and 18774.
298
What is the highest common factor of 5020934 and 6904?
1726
Calculate the greatest common divisor of 254 and 1586865.
127
What is the highest common divisor of 144 and 11765008?
16
What is the highest common factor of 90138 and 44820?
498
Calculate the greatest common factor of 217953404 and 10929.
3643
What is the greatest common divisor of 22 and 974387843?
11
What is the highest common divisor of 56903735 and 35?
35
Calculate the highest common factor of 10642 and 11264.
2
Calculate the greatest common divisor of 11097 and 14061132.
1233
Calculate the highest common divisor of 5459 and 2634946.
103
What is the highest common divisor of 49053 and 92877?
249
What is the highest common factor of 105615831 and 2037?
291
What is the greatest common factor of 132 and 6674591?
11
Calculate the highest common factor of 7936698 and 5159.
77
Calculate the greatest common factor of 421863 and 26.
13
What is the greatest common factor of 34160 and 5864845?
2135
What is the highest common divisor of 600308707 and 62?
31
Calculate the greatest common factor of 4627444 and 9956.
524
Calculate the greatest common factor of 61177 and 79517.
131
What is the highest common divisor of 627090 and 5040?
30
Calculate the greatest common divisor of 262304 and 5572.
28
Calculate the highest common divisor of 118346654 and 2294.
62
Calculate the highest common divisor of 286 and 13525889.
13
What is the greatest common factor of 134 and 1657554406?
134
Calculate the greatest common divisor of 1881 and 1906890084.
1881
What is the greatest common divisor of 138 and 724899878?
46
Calculate the greatest common factor of 4325472 and 20808.
72
Calculate the highest common divisor of 229 and 16856461.
229
What is the greatest common factor of 29318 and 545945?
137
Calculate the highest common factor of 18288 and 11040048.
144
What is the greatest common factor of 177840 and 9082?
38
What is the greatest common divisor of 5416 and 795919112?
5416
What is the highest common factor of 75 and 69601005?
15
Calculate the greatest common divisor of 3798347 and 3287.
19
What is the highest common divisor of 296 and 31050178?
74
What is the highest common factor of 1260150 and 123275?
25
Calculate the greatest common divisor of 234 and 1948778.
26
What is the greatest common divisor of 24442370 and 453?
151
Calculate the greatest common divisor of 2496370 and 30560.
1910
What is the highest common factor of 20492 and 3414752?
436
Calculate the highest common divisor of 20499 and 447.
3
What is the greatest common factor of 21 and 99543?
3
Calculate the highest common divisor of 363578480 and 1656.
184
Calculate the highest common factor of 62398260 and 144.
36
Calculate the highest common factor of 5952 and 10738152.
744
What is the greatest common divisor of 22581 and 2702?
193
What is the highest common divisor of 1097355 and 6860?
245
What is the greatest common divisor of 286 and 34267662?
286
What is the highest common factor of 397278 and 2562?
42
What is the highest common factor of 164831702 and 42?
14
What is the highest common divisor of 752875 and 190000?
2375
Calculate the greatest common factor of 220267 and 2736.
19
Calculate the greatest common divisor of 23 and 28701539.
23
Calculate the highest common divisor of 1586721 and 1168464.
6639
Calculate the greatest common factor of 36221080 and 980.
140
What is the greatest common factor of 309 and 34091249?
103
Calculate the greatest common factor of 68112726 and 35178.
2706
What is the highest common factor of 33983 and 139978?
17
Calculate the greatest common factor of 9407 and 6679379.
409
Calculate the highest common divisor of 7953 and 947441.
11
Calculate the greatest common divisor of 13973 and 239232.
89
Calculate the greatest common factor of 106 and 1741898.
106
Calculate the highest common factor of 19395 and 121511830.
2155
Calculate the greatest common divisor of 714856 and 513.
19
Calculate the greatest common divisor of 138158 and 6706264.
3734
What is the greatest common factor of 11439 and 26180919?
369
Calculate the greatest common factor of 5470 and 113510.
10
Calculate the greatest common divisor of 63852 and 270198.
102
What is the greatest common divisor of 583875 and 1485?
135
What is the greatest common factor of 598 and 1163266?
26
Calculate the greatest common factor of 12463 and 291731.
121
What is the highest common divisor of 6894348 and 96?
12
What is the highest common factor of 3862908 and 774?
18
Calculate the highest common factor of 1049448 and 124392.
1752
Calculate the greatest common divisor of 603337 and 51011.
1759
What is the highest common factor of 550 and 95758850?
550
What is the greatest common divisor of 17422 and 9610?
62
What is the highest common divisor of 2514970 and 1880?
470
What is the highest common factor of 8718 and 302239983?
4359
What is the greatest common divisor of 120023969 and 86697?
3211
Calculate the highest common divisor of 22918909 and 26.
13
What is the greatest common divisor of 13501 and 24506663?
587
Calculate the greatest common divisor of 49010 and 546650.
3770
What is the highest common factor of 17150975 and 2025?
25
Calculate the highest common factor of 11330 and 655370.
10
What is the highest common divisor of 126 and 44741655?
63
What is the greatest common divisor of 36 and 6883368?
12
Calculate the highest common factor of 162890 and 980.
70
Calculate the highest common divisor of 12576 and 3310944.
96
What is the highest common factor of 7110 and 120481794?
1422
What is the greatest common divisor of 224 and 61212352?
32
Calculate the highest common factor of 253 and 1327031.
23
Calculate the greatest common divisor of 85 and 379364945.
85
What is the greatest common divisor of 1752150 and 150?
150
What is the greatest common factor of 516 and 3020028?
12
What is the greatest common factor of 12530727 and 65328?
4083
Calculate the greatest common divisor of 204 and 28103772.
12
Calculate the greatest common divisor of 2428902 and 19166.
518
What is the greatest common factor of 1533 and 1453221?
21
Calculate the highest common factor of 2427000 and 34950.
150
Calculate the greatest common factor of 338 and 3276024.
2
Calculate the greatest common factor of 447051168 and 7104.
3552
What is the highest common factor of 33 and 1931303?
11
Calculate the highest common divisor of 126071 and 309133.
1727
Calculate the highest common factor of 96 and 476624.
16
What is the greatest common divisor of 127908 and 181458?
306
What is the highest common factor of 1391530 and 56?
14
What is the greatest common divisor of 17560613 and 18365?
3673
What is the greatest common divisor of 1920 and 16955520?
1920
What is the highest common factor of 1931398 and 378?
14
What is the greatest common divisor of 817 and 412718?
19
What is the greatest common divisor of 52280955 and 1035?
1035
What is the greatest common divisor of 10860682 and 602?
602
What is the greatest common factor of 1845354 and 20405?
371
What is the highest common divisor of 32034 and 8500812?
1686
What is the greatest common factor of 1270187 and 287263?
3461
What is the highest common divisor of 6849 and 1223793?
9
Calculate the highest common divisor of 424 and 181501468.
212
What is the greatest common divisor of 420931299 and 372?
93
What is the greatest common divisor of 1187942 and 658?
14
What is 